{"id":80,"date":"2021-09-11T20:30:10","date_gmt":"2021-09-11T20:30:10","guid":{"rendered":"https:\/\/funneltogo.com\/slo\/uporabite-i-frame-funkcijo\/"},"modified":"2021-11-10T11:17:29","modified_gmt":"2021-11-10T11:17:29","slug":"uporabite-i-frame-funkcijo","status":"publish","type":"page","link":"https:\/\/funneltogo.com\/slo\/uporabite-i-frame-funkcijo\/","title":{"rendered":"uporabite i-Frame funkcijo"},"content":{"rendered":"\n    \n    <section class=\"u-align-left u-clearfix u-section-2\" id=\"sec-84c5\">\n      <div class=\"u-clearfix u-sheet u-sheet-1\">\n        <div class=\"fr-view u-clearfix u-rich-text u-text u-text-1\">\n          <h1 style=\"text-align: left;\">IFrame funkcija v praksi<\/h1>\n          <p>\n            <span style=\"font-size: 1.125rem;\">I<span class=\"u-text-black\">Frame funkcija je nekako osnova na\u0161e aplikacije funneltogo. Z njo vse va\u0161e narejene projekte prenesete na va\u0161o obstoje\u010do internetno stran. Zadeva deluje tako, da v funneltogo kopirate kratko kodo in jo prenesete na va\u0161o internetno stran. Na ta na\u010din se bo vse kar ste naredili prikazovalo na va\u0161i internetni strani. \u010ce \u017eelite karkoli popraviti, naredite to v funneltogo.<\/span>\n            <\/span>\n          <\/p>\n          <p>\n            <span class=\"u-text-black\" style=\"font-size: 1.125rem;\">Na spodnji sliki je primer kode, ki jo kopirate na va\u0161o internetno stran.<\/span>\n          <\/p>\n          <p>\n            <br>\n          <\/p>\n        <\/div>\n        <img decoding=\"async\" class=\"u-image u-image-default u-image-1\" src=\"https:\/\/funneltogo.com\/slo\/wp-content\/uploads\/2021\/09\/iframefunkcija.png\" alt=\"Iframe funkcija\" data-image-width=\"703\" data-image-height=\"809\">\n        <p class=\"u-text u-text-2\">\n          <a href=\"https:\/\/funneltogo.com\/slo\/ab-testiranje-vase-ponudbe\/\" class=\"u-active-none u-border-none u-btn u-button-link u-button-style u-hover-none u-none u-text-palette-1-base u-btn-1\">AB testiranje va\u0161e ponudbe<\/a>\n        <\/p>\n        <p class=\"u-text u-text-3\">\n          <a href=\"https:\/\/funneltogo.com\/slo\/prodajni-modul-s-kosarico\/\" class=\"u-active-none u-border-none u-btn u-button-link u-button-style u-hover-none u-none u-text-palette-1-base u-btn-2\">Prodajni modul s ko\u0161arico<\/a>\n        <\/p>\n        <p class=\"u-text u-text-4\">\n          <a href=\"https:\/\/funneltogo.com\/slo\/email-marketing\/\" class=\"u-active-none u-border-none u-btn u-button-link u-button-style u-hover-none u-none u-text-palette-1-base u-btn-3\">Email marketing<\/a>\n        <\/p>\n      <\/div>\n    <\/section>\n    \n    \n    \n    \n  \n","protected":false},"excerpt":{"rendered":"<p>IFrame funkcija v praksi IFrame funkcija je nekako osnova na\u0161e aplikacije funneltogo. Z njo vse va\u0161e narejene projekte prenesete na va\u0161o obstoje\u010do internetno stran. Zadeva deluje tako, da v funneltogo kopirate kratko kodo in jo prenesete na va\u0161o internetno stran. Na ta na\u010din se bo vse kar ste naredili prikazovalo na va\u0161i internetni strani. \u010ce &hellip; <a href=\"https:\/\/funneltogo.com\/slo\/uporabite-i-frame-funkcijo\/\" class=\"more-link\">Continue reading<span class=\"screen-reader-text\"> &#8220;uporabite i-Frame funkcijo&#8221;<\/span><\/a><\/p>\n","protected":false},"author":1,"featured_media":0,"parent":0,"menu_order":13,"comment_status":"closed","ping_status":"closed","template":"","meta":{"footnotes":""},"class_list":["post-80","page","type-page","status-publish","hentry"],"yoast_head":"<!-- This site is optimized with the Yoast SEO plugin v19.8 - https:\/\/yoast.com\/wordpress\/plugins\/seo\/ -->\n<title>uporabite i-Frame funkcijo - funneltogo<\/title>\n<meta name=\"robots\" content=\"index, follow, max-snippet:-1, max-image-preview:large, max-video-preview:-1\" \/>\n<link rel=\"canonical\" href=\"https:\/\/funneltogo.com\/slo\/uporabite-i-frame-funkcijo\/\" \/>\n<meta property=\"og:locale\" content=\"en_US\" \/>\n<meta property=\"og:type\" content=\"article\" \/>\n<meta property=\"og:title\" content=\"uporabite i-Frame funkcijo - funneltogo\" \/>\n<meta property=\"og:description\" content=\"IFrame funkcija v praksi IFrame funkcija je nekako osnova na\u0161e aplikacije funneltogo. Z njo vse va\u0161e narejene projekte prenesete na va\u0161o obstoje\u010do internetno stran. Zadeva deluje tako, da v funneltogo kopirate kratko kodo in jo prenesete na va\u0161o internetno stran. Na ta na\u010din se bo vse kar ste naredili prikazovalo na va\u0161i internetni strani. \u010ce &hellip; Continue reading &quot;uporabite i-Frame funkcijo&quot;\" \/>\n<meta property=\"og:url\" content=\"https:\/\/funneltogo.com\/slo\/uporabite-i-frame-funkcijo\/\" \/>\n<meta property=\"og:site_name\" content=\"funneltogo\" \/>\n<meta property=\"article:modified_time\" content=\"2021-11-10T11:17:29+00:00\" \/>\n<meta name=\"twitter:card\" content=\"summary_large_image\" \/>\n<script type=\"application\/ld+json\" class=\"yoast-schema-graph\">{\"@context\":\"https:\/\/schema.org\",\"@graph\":[{\"@type\":\"WebPage\",\"@id\":\"https:\/\/funneltogo.com\/slo\/uporabite-i-frame-funkcijo\/\",\"url\":\"https:\/\/funneltogo.com\/slo\/uporabite-i-frame-funkcijo\/\",\"name\":\"uporabite i-Frame funkcijo - funneltogo\",\"isPartOf\":{\"@id\":\"https:\/\/funneltogo.com\/slo\/#website\"},\"datePublished\":\"2021-09-11T20:30:10+00:00\",\"dateModified\":\"2021-11-10T11:17:29+00:00\",\"breadcrumb\":{\"@id\":\"https:\/\/funneltogo.com\/slo\/uporabite-i-frame-funkcijo\/#breadcrumb\"},\"inLanguage\":\"en-US\",\"potentialAction\":[{\"@type\":\"ReadAction\",\"target\":[\"https:\/\/funneltogo.com\/slo\/uporabite-i-frame-funkcijo\/\"]}]},{\"@type\":\"BreadcrumbList\",\"@id\":\"https:\/\/funneltogo.com\/slo\/uporabite-i-frame-funkcijo\/#breadcrumb\",\"itemListElement\":[{\"@type\":\"ListItem\",\"position\":1,\"name\":\"Home\",\"item\":\"https:\/\/funneltogo.com\/slo\/\"},{\"@type\":\"ListItem\",\"position\":2,\"name\":\"uporabite i-Frame funkcijo\"}]},{\"@type\":\"WebSite\",\"@id\":\"https:\/\/funneltogo.com\/slo\/#website\",\"url\":\"https:\/\/funneltogo.com\/slo\/\",\"name\":\"funneltogo\",\"description\":\"Just another WordPress site\",\"potentialAction\":[{\"@type\":\"SearchAction\",\"target\":{\"@type\":\"EntryPoint\",\"urlTemplate\":\"https:\/\/funneltogo.com\/slo\/?s={search_term_string}\"},\"query-input\":\"required name=search_term_string\"}],\"inLanguage\":\"en-US\"}]}<\/script>\n<!-- \/ Yoast SEO plugin. -->","yoast_head_json":{"title":"uporabite i-Frame funkcijo - funneltogo","robots":{"index":"index","follow":"follow","max-snippet":"max-snippet:-1","max-image-preview":"max-image-preview:large","max-video-preview":"max-video-preview:-1"},"canonical":"https:\/\/funneltogo.com\/slo\/uporabite-i-frame-funkcijo\/","og_locale":"en_US","og_type":"article","og_title":"uporabite i-Frame funkcijo - funneltogo","og_description":"IFrame funkcija v praksi IFrame funkcija je nekako osnova na\u0161e aplikacije funneltogo. Z njo vse va\u0161e narejene projekte prenesete na va\u0161o obstoje\u010do internetno stran. Zadeva deluje tako, da v funneltogo kopirate kratko kodo in jo prenesete na va\u0161o internetno stran. Na ta na\u010din se bo vse kar ste naredili prikazovalo na va\u0161i internetni strani. \u010ce &hellip; Continue reading \"uporabite i-Frame funkcijo\"","og_url":"https:\/\/funneltogo.com\/slo\/uporabite-i-frame-funkcijo\/","og_site_name":"funneltogo","article_modified_time":"2021-11-10T11:17:29+00:00","twitter_card":"summary_large_image","schema":{"@context":"https:\/\/schema.org","@graph":[{"@type":"WebPage","@id":"https:\/\/funneltogo.com\/slo\/uporabite-i-frame-funkcijo\/","url":"https:\/\/funneltogo.com\/slo\/uporabite-i-frame-funkcijo\/","name":"uporabite i-Frame funkcijo - funneltogo","isPartOf":{"@id":"https:\/\/funneltogo.com\/slo\/#website"},"datePublished":"2021-09-11T20:30:10+00:00","dateModified":"2021-11-10T11:17:29+00:00","breadcrumb":{"@id":"https:\/\/funneltogo.com\/slo\/uporabite-i-frame-funkcijo\/#breadcrumb"},"inLanguage":"en-US","potentialAction":[{"@type":"ReadAction","target":["https:\/\/funneltogo.com\/slo\/uporabite-i-frame-funkcijo\/"]}]},{"@type":"BreadcrumbList","@id":"https:\/\/funneltogo.com\/slo\/uporabite-i-frame-funkcijo\/#breadcrumb","itemListElement":[{"@type":"ListItem","position":1,"name":"Home","item":"https:\/\/funneltogo.com\/slo\/"},{"@type":"ListItem","position":2,"name":"uporabite i-Frame funkcijo"}]},{"@type":"WebSite","@id":"https:\/\/funneltogo.com\/slo\/#website","url":"https:\/\/funneltogo.com\/slo\/","name":"funneltogo","description":"Just another WordPress site","potentialAction":[{"@type":"SearchAction","target":{"@type":"EntryPoint","urlTemplate":"https:\/\/funneltogo.com\/slo\/?s={search_term_string}"},"query-input":"required name=search_term_string"}],"inLanguage":"en-US"}]}},"_links":{"self":[{"href":"https:\/\/funneltogo.com\/slo\/wp-json\/wp\/v2\/pages\/80","targetHints":{"allow":["GET"]}}],"collection":[{"href":"https:\/\/funneltogo.com\/slo\/wp-json\/wp\/v2\/pages"}],"about":[{"href":"https:\/\/funneltogo.com\/slo\/wp-json\/wp\/v2\/types\/page"}],"author":[{"embeddable":true,"href":"https:\/\/funneltogo.com\/slo\/wp-json\/wp\/v2\/users\/1"}],"replies":[{"embeddable":true,"href":"https:\/\/funneltogo.com\/slo\/wp-json\/wp\/v2\/comments?post=80"}],"version-history":[{"count":2,"href":"https:\/\/funneltogo.com\/slo\/wp-json\/wp\/v2\/pages\/80\/revisions"}],"predecessor-version":[{"id":299,"href":"https:\/\/funneltogo.com\/slo\/wp-json\/wp\/v2\/pages\/80\/revisions\/299"}],"wp:attachment":[{"href":"https:\/\/funneltogo.com\/slo\/wp-json\/wp\/v2\/media?parent=80"}],"curies":[{"name":"wp","href":"https:\/\/api.w.org\/{rel}","templated":true}]}}