{"id":71,"date":"2021-09-11T20:30:01","date_gmt":"2021-09-11T20:30:01","guid":{"rendered":"https:\/\/funneltogo.com\/slo\/varovanje-osebnih-podatkov\/"},"modified":"2021-11-10T11:22:34","modified_gmt":"2021-11-10T11:22:34","slug":"varovanje-osebnih-podatkov","status":"publish","type":"page","link":"https:\/\/funneltogo.com\/slo\/varovanje-osebnih-podatkov\/","title":{"rendered":"Varovanje osebnih podatkov"},"content":{"rendered":"\n    \n    <section class=\"u-align-left u-clearfix u-section-2\" id=\"sec-936d\">\n      <div class=\"u-clearfix u-sheet u-valign-middle u-sheet-1\">\n        <div class=\"fr-view u-clearfix u-rich-text u-text u-text-1\">\n          <h1 style=\"text-align: left;\">Varovanje osebnih podatkov<\/h1>\n          <p>\n            <br>\n          <\/p>\n          <p>VAROVANJE OSEBNIH PODATKOV<\/p>\n          <p>Upravljavec bo pridobljene podatke varoval v skladu z veljavno zakonodajo o varstvu osebnih podatkov ter v skladu s svojimi notranjimi akti, sprejetimi na podlagi zakona. Zagotovil bo ustrezno organizacijsko in tehni\u010dno varovanje. Upravljavec pridobljenih podatkov v nobenem primeru ne bo posredoval ali razkril tretjim osebam. Podjetje Be Well d.o.o. izvaja ustrezne tehni\u010dne in organizacijske ukrepe za varstvo osebnih podatkov.<\/p>\n          <p>PRAVICE UPORABNIKOV<\/p>\n          <p>Kak\u0161ne pravice imate v zvezi z osebnimi podatki, kako lahko prekli\u010dete privolitev za obdelavo in kak\u0161ne so posledice preklica<\/p>\n          <p>\n            <br>\n          <\/p>\n          <p>V skladu z dolo\u010dili Splo\u0161ne uredbe EU o varstvu osebnih podatkov (GDPR) imate naslednje pravice:<\/p>\n          <p>\n            <br>\n          <\/p>\n          <p>Da od nas kadarkoli zahtevate:<\/p>\n          <p>potrditev, ali obdelujemo va\u0161e osebne podatke;<\/p>\n          <p>dostop do osebnih podatkov in naslednje informacije: namene obdelave; vrste osebnih podatkov; uporabnike ali kategorije uporabnikov, ki so jim bili ali jim bodo razkriti osebni podatki, zlasti uporabnike v tretjih dr\u017eavah ali mednarodnih organizacijah; predvideno obdobje hrambe osebnih podatkov ali, \u010de to ni mogo\u010de, merila, ki se uporabijo za dolo\u010ditev tega obdobja; obstoj avtomatiziranega sprejemanja odlo\u010ditev, vklju\u010dno z oblikovanjem profilov ter razloge zanj kot tudi pomen in predvidene posledice take obdelave za vas;<\/p>\n          <p>eno (brezpla\u010dno) kopijo osebnih podatkov v obliki, ki jo dolo\u010dite sami (\u010de je zahteva podana z elektronskim sredstvom za komunikacijo in ne zahtevate druga\u010de, se kopija zagotovi v elektronski obliki); za dodatne kopije, ki jih zahtevate, lahko zara\u010dunamo razumno pristojbino ob upo\u0161tevanju stro\u0161kov;<\/p>\n          <p>popravek neto\u010dnih osebnih podatkov;<\/p>\n          <p>omejitev obdelave, kadar:<\/p>\n          <p>oporekate to\u010dnosti osebnih podatkov, in sicer za obdobje, ki nam omogo\u010da preveriti to\u010dnost osebnih podatkov;<\/p>\n          <p>je obdelava nezakonita in nasprotujete izbrisu osebnih podatkov ter namesto tega zahtevate omejitev njihove uporabe;<\/p>\n          <p>osebnih podatkov ne potrebujemo ve\u010d za namene obdelave, pa jih vi potrebuje za uveljavljanje, izvajanje ali obrambo pravnih zahtevkov;<\/p>\n          <p>izbris vseh osebnih podatkov (pravica do pozabe), \u010de so izpolnjene predpostavke iz \u010dlena 17 Splo\u0161ne uredbe o varstvu podatkov, predvsem pa v primeru, kadar prekli\u010dete privolitev za obdelavo osebnih podatkov;<\/p>\n          <p>izpis osebnih podatkov v strukturirani, splo\u0161no uporabljani in strojno berljivi obliki, s pravico, da te podatke posredujete drugemu upravljavcu, ne da bi vas mi pri tem ovirali;<\/p>\n          <p>prenehanje uporabe osebnih podatkov za namene neposrednega tr\u017eenja, vklju\u010dno z oblikovanjem profilov;<\/p>\n          <p>da za vas ne velja odlo\u010ditev, ki temelji zgolj na avtomatizirani obdelavi, vklju\u010dno z oblikovanjem profilov \u010de so izpolnjene predpostavke iz \u010dlena 22 Splo\u0161ne uredbe o varstvu podatkov.<\/p>\n          <p>pravico, da zoper nas vlo\u017eite prito\u017ebo pri Informacijskem poobla\u0161\u010dencu, \u010de menite, da obdelava va\u0161ih osebnih podatkov kr\u0161i Splo\u0161no uredbo o varstvu podatkov.<\/p>\n          <p>Vsak uporabnik ima mo\u017enost, da se enostavno z enimi klikom v nogi prejetega e-mail sporo\u010dila odjavi od prejemanja sporo\u010dil ali pa po\u0161lje e-mail z odjavo na info@hipnocenter.com ali z odgovorom na konkretno prejeto e-mail sporo\u010dilo.<\/p>\n          <p>POGODBENI OBDELOVALCI IN OBMO\u010cJE HRAMBE<\/p>\n          <p>Va\u0161ih osebnih podatkov ne posredujemo in ne omogo\u010damo seznanitve z njimi tretjim osebam (izven dru\u017ebe Be Well d.o.o.) razen tistim, ki imajo z nami sklenjeno pisno pogodbo, na podlagi katere izvajajo dolo\u010dena opravila v zvezi z obdelavo podatkov in so dol\u017eni spo\u0161tovati zakonodajo glede obdelave in varstva osebnih podatkov (t.i. pogodbeni obdelovalci). Pogodbeni obdelovalci, ki jim posredujemo osebne podatke, so:<\/p>\n          <p>Ponudniki storitev marketinga;<\/p>\n          <p>Ponudniki po\u0161iljanja e-po\u0161tnih sporo\u010dil;<\/p>\n          <p>Izvajalci na\u0161ih storitev<\/p>\n          <p>Pogodbeni sodelavci<\/p>\n          <p>Pogodbeni obdelovalci smejo osebne podatke obdelovati zgolj v okviru na\u0161ih navodil in osebnih podatkov ne smejo obdelovati za lastne namene. Zavezani so, skupaj s svojimi zaposlenimi, k varovanju zaupnosti va\u0161ih osebnih podatkov.<\/p>\n          <p>Pogodbeni obdelovalci osebnih podatkov ne izna\u0161ajo v tretje dr\u017eave (izven dr\u017eav \u010dlanic Evropskega gospodarskega prostora \u2013 \u010dlanice EU ter Islandija, Norve\u0161ka in Liechtenstein).<\/p>\n          <p>Postopek uveljavljanja pravic<\/p>\n          <p>Svoje zahteve, ki se ti\u010dejo uveljavljanja pravic v zvezi z osebnimi podatki lahko naslovite v pisni obliki na katerikoli kontakt, ki je naveden pod Upravljavec osebnih podatkov in kontaktni podatki.<\/p>\n          <p>Za potrebe zanesljive identifikacije v primeru uveljavljanja pravic v zvezi z osebnimi podatki lahko od vas zahtevamo dodatne podatke, ukrepanje pa lahko zavrnemo le v primeru, da doka\u017eemo, da vas ne moremo zanesljivo identificirati.<\/p>\n          <p>Na va\u0161o zahtevo s katero uveljavljate svoje pravice v zvezi z osebnimi podatki, moramo odgovoriti brez nepotrebnega odla\u0161anja in najpozneje v enem mesecu od prejema va\u0161e zahteve.<\/p>\n          <p>PRAVNO OBVESTILO<\/p>\n          <p>Vse vsebine, objavljene na www.Funneltogo.com, so last dru\u017ebe Be Well d.o.o. Brez dovoljenja podjetja se jih ne sme kopirati, razmno\u017eevati ali distribuirati na kakr\u0161en koli drug na\u010din. Be Well d.o.o. ni odgovoren za morebitne te\u017eave pri delovanju spletne strani. pridr\u017eujemo si pravico do morebitnih napak in sprememb vsebin, objavljenih na www.funneltogo.com.<\/p>\n          <p>&nbsp;Politika varovanja osebnih podatkov velja od 24.5.2018<\/p>\n        <\/div>\n        <a href=\"https:\/\/funneltogo.com\/slo\/domov\/\" class=\"u-btn u-button-style u-hover-palette-1-dark-1 u-palette-1-base u-btn-1\">domov<\/a>\n      <\/div>\n    <\/section>\n    \n    \n    \n    \n  \n","protected":false},"excerpt":{"rendered":"<p>Varovanje osebnih podatkov VAROVANJE OSEBNIH PODATKOV Upravljavec bo pridobljene podatke varoval v skladu z veljavno zakonodajo o varstvu osebnih podatkov ter v skladu s svojimi notranjimi akti, sprejetimi na podlagi zakona. Zagotovil bo ustrezno organizacijsko in tehni\u010dno varovanje. Upravljavec pridobljenih podatkov v nobenem primeru ne bo posredoval ali razkril tretjim osebam. Podjetje Be Well d.o.o. &hellip; <a href=\"https:\/\/funneltogo.com\/slo\/varovanje-osebnih-podatkov\/\" class=\"more-link\">Continue reading<span class=\"screen-reader-text\"> &#8220;Varovanje osebnih podatkov&#8221;<\/span><\/a><\/p>\n","protected":false},"author":1,"featured_media":0,"parent":0,"menu_order":4,"comment_status":"closed","ping_status":"closed","template":"","meta":{"footnotes":""},"class_list":["post-71","page","type-page","status-publish","hentry"],"yoast_head":"<!-- This site is optimized with the Yoast SEO plugin v19.8 - https:\/\/yoast.com\/wordpress\/plugins\/seo\/ -->\n<title>Varovanje osebnih podatkov - funneltogo<\/title>\n<meta name=\"robots\" content=\"index, follow, max-snippet:-1, max-image-preview:large, max-video-preview:-1\" \/>\n<link rel=\"canonical\" href=\"https:\/\/funneltogo.com\/slo\/varovanje-osebnih-podatkov\/\" \/>\n<meta property=\"og:locale\" content=\"en_US\" \/>\n<meta property=\"og:type\" content=\"article\" \/>\n<meta property=\"og:title\" content=\"Varovanje osebnih podatkov - funneltogo\" \/>\n<meta property=\"og:description\" content=\"Varovanje osebnih podatkov VAROVANJE OSEBNIH PODATKOV Upravljavec bo pridobljene podatke varoval v skladu z veljavno zakonodajo o varstvu osebnih podatkov ter v skladu s svojimi notranjimi akti, sprejetimi na podlagi zakona. Zagotovil bo ustrezno organizacijsko in tehni\u010dno varovanje. Upravljavec pridobljenih podatkov v nobenem primeru ne bo posredoval ali razkril tretjim osebam. Podjetje Be Well d.o.o. &hellip; Continue reading &quot;Varovanje osebnih podatkov&quot;\" \/>\n<meta property=\"og:url\" content=\"https:\/\/funneltogo.com\/slo\/varovanje-osebnih-podatkov\/\" \/>\n<meta property=\"og:site_name\" content=\"funneltogo\" \/>\n<meta property=\"article:modified_time\" content=\"2021-11-10T11:22:34+00:00\" \/>\n<meta name=\"twitter:card\" content=\"summary_large_image\" \/>\n<meta name=\"twitter:label1\" content=\"Est. reading time\" \/>\n\t<meta name=\"twitter:data1\" content=\"4 minutes\" \/>\n<script type=\"application\/ld+json\" class=\"yoast-schema-graph\">{\"@context\":\"https:\/\/schema.org\",\"@graph\":[{\"@type\":\"WebPage\",\"@id\":\"https:\/\/funneltogo.com\/slo\/varovanje-osebnih-podatkov\/\",\"url\":\"https:\/\/funneltogo.com\/slo\/varovanje-osebnih-podatkov\/\",\"name\":\"Varovanje osebnih podatkov - funneltogo\",\"isPartOf\":{\"@id\":\"https:\/\/funneltogo.com\/slo\/#website\"},\"datePublished\":\"2021-09-11T20:30:01+00:00\",\"dateModified\":\"2021-11-10T11:22:34+00:00\",\"breadcrumb\":{\"@id\":\"https:\/\/funneltogo.com\/slo\/varovanje-osebnih-podatkov\/#breadcrumb\"},\"inLanguage\":\"en-US\",\"potentialAction\":[{\"@type\":\"ReadAction\",\"target\":[\"https:\/\/funneltogo.com\/slo\/varovanje-osebnih-podatkov\/\"]}]},{\"@type\":\"BreadcrumbList\",\"@id\":\"https:\/\/funneltogo.com\/slo\/varovanje-osebnih-podatkov\/#breadcrumb\",\"itemListElement\":[{\"@type\":\"ListItem\",\"position\":1,\"name\":\"Home\",\"item\":\"https:\/\/funneltogo.com\/slo\/\"},{\"@type\":\"ListItem\",\"position\":2,\"name\":\"Varovanje osebnih podatkov\"}]},{\"@type\":\"WebSite\",\"@id\":\"https:\/\/funneltogo.com\/slo\/#website\",\"url\":\"https:\/\/funneltogo.com\/slo\/\",\"name\":\"funneltogo\",\"description\":\"Just another WordPress site\",\"potentialAction\":[{\"@type\":\"SearchAction\",\"target\":{\"@type\":\"EntryPoint\",\"urlTemplate\":\"https:\/\/funneltogo.com\/slo\/?s={search_term_string}\"},\"query-input\":\"required name=search_term_string\"}],\"inLanguage\":\"en-US\"}]}<\/script>\n<!-- \/ Yoast SEO plugin. -->","yoast_head_json":{"title":"Varovanje osebnih podatkov - funneltogo","robots":{"index":"index","follow":"follow","max-snippet":"max-snippet:-1","max-image-preview":"max-image-preview:large","max-video-preview":"max-video-preview:-1"},"canonical":"https:\/\/funneltogo.com\/slo\/varovanje-osebnih-podatkov\/","og_locale":"en_US","og_type":"article","og_title":"Varovanje osebnih podatkov - funneltogo","og_description":"Varovanje osebnih podatkov VAROVANJE OSEBNIH PODATKOV Upravljavec bo pridobljene podatke varoval v skladu z veljavno zakonodajo o varstvu osebnih podatkov ter v skladu s svojimi notranjimi akti, sprejetimi na podlagi zakona. Zagotovil bo ustrezno organizacijsko in tehni\u010dno varovanje. Upravljavec pridobljenih podatkov v nobenem primeru ne bo posredoval ali razkril tretjim osebam. Podjetje Be Well d.o.o. &hellip; Continue reading \"Varovanje osebnih podatkov\"","og_url":"https:\/\/funneltogo.com\/slo\/varovanje-osebnih-podatkov\/","og_site_name":"funneltogo","article_modified_time":"2021-11-10T11:22:34+00:00","twitter_card":"summary_large_image","twitter_misc":{"Est. reading time":"4 minutes"},"schema":{"@context":"https:\/\/schema.org","@graph":[{"@type":"WebPage","@id":"https:\/\/funneltogo.com\/slo\/varovanje-osebnih-podatkov\/","url":"https:\/\/funneltogo.com\/slo\/varovanje-osebnih-podatkov\/","name":"Varovanje osebnih podatkov - funneltogo","isPartOf":{"@id":"https:\/\/funneltogo.com\/slo\/#website"},"datePublished":"2021-09-11T20:30:01+00:00","dateModified":"2021-11-10T11:22:34+00:00","breadcrumb":{"@id":"https:\/\/funneltogo.com\/slo\/varovanje-osebnih-podatkov\/#breadcrumb"},"inLanguage":"en-US","potentialAction":[{"@type":"ReadAction","target":["https:\/\/funneltogo.com\/slo\/varovanje-osebnih-podatkov\/"]}]},{"@type":"BreadcrumbList","@id":"https:\/\/funneltogo.com\/slo\/varovanje-osebnih-podatkov\/#breadcrumb","itemListElement":[{"@type":"ListItem","position":1,"name":"Home","item":"https:\/\/funneltogo.com\/slo\/"},{"@type":"ListItem","position":2,"name":"Varovanje osebnih podatkov"}]},{"@type":"WebSite","@id":"https:\/\/funneltogo.com\/slo\/#website","url":"https:\/\/funneltogo.com\/slo\/","name":"funneltogo","description":"Just another WordPress site","potentialAction":[{"@type":"SearchAction","target":{"@type":"EntryPoint","urlTemplate":"https:\/\/funneltogo.com\/slo\/?s={search_term_string}"},"query-input":"required name=search_term_string"}],"inLanguage":"en-US"}]}},"_links":{"self":[{"href":"https:\/\/funneltogo.com\/slo\/wp-json\/wp\/v2\/pages\/71","targetHints":{"allow":["GET"]}}],"collection":[{"href":"https:\/\/funneltogo.com\/slo\/wp-json\/wp\/v2\/pages"}],"about":[{"href":"https:\/\/funneltogo.com\/slo\/wp-json\/wp\/v2\/types\/page"}],"author":[{"embeddable":true,"href":"https:\/\/funneltogo.com\/slo\/wp-json\/wp\/v2\/users\/1"}],"replies":[{"embeddable":true,"href":"https:\/\/funneltogo.com\/slo\/wp-json\/wp\/v2\/comments?post=71"}],"version-history":[{"count":2,"href":"https:\/\/funneltogo.com\/slo\/wp-json\/wp\/v2\/pages\/71\/revisions"}],"predecessor-version":[{"id":304,"href":"https:\/\/funneltogo.com\/slo\/wp-json\/wp\/v2\/pages\/71\/revisions\/304"}],"wp:attachment":[{"href":"https:\/\/funneltogo.com\/slo\/wp-json\/wp\/v2\/media?parent=71"}],"curies":[{"name":"wp","href":"https:\/\/api.w.org\/{rel}","templated":true}]}}